at is -313311 + -1?
-313312
In base 2, what is 100 - -101110100?
101111000
In base 6, what is 1020 + 1434?
2454
In base 10, what is -27435 + 0?
-27435
In base 12, what is a58 + -47?
a11
In base 15, what is -34c47 - -4?
-34c43
In base 9, what is 18750 + 27?
18777
In base 5, what is 13 + -202041340?
-202041322
In base 16, what is -15 - d789?
-d79e
In base 9, what is 0 + -14477?
-14477
In base 9, what is 26 - -40?
66
In base 5, what is 1040340402 - -3?
1040340410
In base 4, what is 10 + -2212103221?
-2212103211
In base 5, what is 2 - -2031233?
2031240
In base 10, what is -86 - -2345?
2259
In base 3, what is -1 + 221111121211?
221111121210
In base 11, what is 558 + -1795?
-1238
In base 6, what is -3554 - 35?
-4033
In base 13, what is -2b + -b69?
-b97
In base 13, what is 55 + 8c?
114
In base 12, what is -124 - 63a6?
-650a
In base 12, what is b92 + a?
ba0
In base 16, what is -16b - -2d6?
16b
In base 15, what is -15b - 24?
-180
In base 4, what is 120 + -10001110?
-10000330
In base 13, what is 5 - 1b5a0?
-1b598
In base 9, what is -518874 + -6?
-518881
In base 13, what is 1b + ca23?
ca41
In base 3, what is 11202000110 + 2?
11202000112
In base 16, what is de8 - -5?
ded
In base 16, what is -34b0c + 1?
-34b0b
In base 14, what is -a - 7aa?
-7b6
In base 7, what is 1362 + -220?
1142
In base 5, what is -3334 + 432?
-2402
In base 6, what is 144 - -14423?
15011
In base 9, what is -77634 + -2?
-77636
In base 12, what is -330608 - -1?
-330607
In base 14, what is caa0 + 1?
caa1
In base 6, what is -21034043 + 10?
-21034033
In base 9, what is 13534 - 0?
13534
In base 6, what is -3 + 5010?
5003
In base 2, what is -1011001110100001010 - 111?
-1011001110100010001
In base 10, what is -9784 - -11?
-9773
In base 8, what is -15 - 24541?
-24556
In base 3, what is 2212012110 - -11?
2212012121
In base 11, what is 1 - -205a?
2060
In base 9, what is 4148 + -722?
3326
In base 10, what is -1 + -75214?
-75215
In base 4, what is 210 + -2230133?
-2223323
In base 5, what is 421 - 424?
-3
In base 16, what is 48a0 + -2?
489e
In base 14, what is 0 + 12dd1a?
12dd1a
In base 3, what is -1010111 + 122?
-1002212
In base 2, what is 1 - -1100000110011100100?
1100000110011100101
In base 10, what is -1 - -73157?
73156
In base 3, what is -2011122102 + 0?
-2011122102
In base 6, what is -2534301 + 1?
-2534300
In base 4, what is -2033102 + -21?
-2033123
In base 11, what is 1 + -50101?
-50100
In base 5, what is -24134 + -11?
-24200
In base 7, what is 101235 - 3?
101232
In base 8, what is 527 + 16?
545
In base 12, what is -567 - 48?
-5b3
In base 13, what is 541 - 4b?
4c3
In base 10, what is -379 + 3624?
3245
In base 11, what is 6 + 962a2a?
962a35
In base 9, what is 4 + -130127?
-130123
In base 5, what is -313341003 - 3?
-313341011
In base 11, what is 8952 + 8?
895a
In base 6, what is -2 - -40313?
40311
In base 16, what is 1 - 8f4bd?
-8f4bc
In base 6, what is -3140325 - -10?
-3140315
In base 7, what is -3 + -160534?
-160540
In base 13, what is 123 - 39?
b7
In base 5, what is -422 + 30404?
24432
In base 15, what is -31 + -506?
-537
In base 5, what is 22141 - 400?
21241
In base 3, what is 12010111 - -2?
12010120
In base 6, what is -110502241 - 0?
-110502241
In base 7, what is 4 + -1203344?
-1203340
In base 9, what is -2 + 25328?
25326
In base 10, what is 8295 + -66?
8229
In base 11, what is 1 - -20326?
20327
In base 6, what is 300 - 3122?
-2422
In base 7, what is -1 + 26233?
26232
In base 13, what is 2 + -284?
-282
In base 10, what is -52 + 352?
300
In base 2, what is 101101110101010 + -1?
101101110101001
In base 13, what is 44a8 - 398?
4110
In base 3, what is -220210 - -111?
-220022
In base 6, what is 3504 - 20?
3444
In base 6, what is -22123304 + -2?
-22123310
In base 2, what is -100101100111 + -10010010011?
-110111111010
In base 14, what is -283c + 0?
-283c
In base 10, what is -1140 + -31?
-1171
In base 5, what is 0 - 210214?
-210214
In base 14, what is 221 + -4?
21b
In base 14, what is -168b + -137?
-17c4
In base 6, what is -20 - -230412?
230352
In base 7, what is 1351032 + -26?
1351003
In base 4, what is 23 - 2101123?
-2101100
In base 13, what is -13b58 + 5?
-13b53
In base 13, what is a - 1c3c?
-1c32
In base 10, what is -5 - -4400?
4395
In base 14, what is -27c2c + 0?
-27c2c
In base 6, what is 344 - -54415?
55203
In base 5, what is 1 + -10343310?
-10343304
In base 8, what is 2070506 - 2?
2070504
In base 2, what is -1110101101 + 10000010100?
1100111
In base 14, what is 2 - 52555?
-52553
In base 2, what is -101000 - -100100010?
11111010
In base 4, what is 2110 + -10333013?
-10330303
In base 12, what is -8b085 - 1?
-8b086
In base 2, what is -11100010110001111 + -11?
-11100010110010010
In base 16, what is -127c + 77?
-1205
In base 6, what is -1102 + -254?
-1400
In base 12, what is 6aa8 - -7?
6ab3
In base 10, what is 2 - -3715?
3717
In base 12, what is -3 - 14089?
-14090
In base 13, what is 81 + 3100?
3181
In base 2, what is 10101010001 - 101100?
10100100101
In base 10, what is -54 - -1992?
1938
In base 2, what is 1001101 + -100001?
101100
In base 10, what is 5906 - 9?
5897
In base 16, what is -23c94 - -2?
-23c92
In base 15, what is -3 + -7d84?
-7d87
In base 12, what is -1 - 7616?
-7617
In base 10, what is -2 + 17244?
17242
In base 9, what is 12055420 - -5?
12055425
In base 13, what is 6 - 300b2?
-300a9
In base 15, what is -490b + -31?
-493c
In base 4, what is 22012210 + 11?
22012221
In base 6, what is -23330435 + 4?
-23330431
In base 7, what is -2 + -1420632?
-1420634
In base 16, what is 4 + -661?
-65d
In base 6, what is 4355153 + -2?
4355151
In base 13, what is -732 + -1753?
-2185
In base 9, what is 4 - -106563?
106567
In base 12, what is 3 + -a913?
-a910
In base 15, what is -2 + -571b?
-571d
In base 10, what is 6 - 37685?
-37679
In base 14, what is 25ab + 11?
25bc
In base 15, what is -323d - -c9?
-3164
In base 16, what is -1dec - -10?
-1ddc
In base 8, what is -754565 - -6?
-754557
In base 2, what is -10101111 - -100001010001010?
100000111011011
In base 6, what is 10 + -240502?
-240452
In base 5, what is 1 - 11414321?
-11414320
In base 8, what is -153 - 71340?
-71513
In base 2, what is 0 - -111010110110010001?
111010110110010001
In base 6, what is -5 - -53145241?
53145232
In base 7, what is 53 + 515?
601
In base 16, what is 21bb8 - 4?
21bb4
In base 2, what is 11101110000001110001 + 100?
11101110000001110101
In base 10, what is -223 - -1338?
1115
In base 14, what is b0075 - 4?
b0071
In base 14, what is -777 + 1b?
-75a
In base 2, what is 1101001000111 - -10?
1101001001001
In base 3, what is 10010 - -11001221?
11012001
In base 6, what is -1421 + 4215?
2354
In base 13, what is 663 - 42?
621
In base 4, what is 312311 + 3121?
322032
In base 5, what is -10 + 332102143?
332102133
In base 15, what is 3b + -5?
36
In base 5, what is 4342233 + -10?
4342223
In base 2, what is 11100101101 + 11?
11100110000
In base 9, what is 25657 + 0?
25657
In base 8, what is 107 - 101?
6
In base 14, what is 592 + 2cb?
87d
In base 4, what is -3013221 - 3?
-3013230
In base 14, what is 12979 + 6?
12981
In base 3, what is 12 + 1002212221?
1002220010
In base 4, what is 12 - 301033112?
-301033100
In base 15, what is 346 + b?
352
In base 7, what is -5 + 43533?
43525
In base 15, what is 0 - 1405a4?
-1405a4
In base 12, what is ba8a + -4?
ba86
In base 11, what is 29 + -a51?
-a23
In base 9, what is 145630 - 2?
145627
In base 9, what is -21177 - 1?
-21178
In base 15, what is -1d - d7c?
-d9a
In base 16, what is -2 + 102a7?
102a5
In base 12, what is -1963 + -2a?
-1991
In base 11, what is 428 - -74?
4a1
In base 3, what is 20102122200 - -11?
20102122211
In base 11, what is 76 - -39a?
465
In base 14, what is -16700 + -5?
-16705
In base 15, what is 3e9b - 3?
3e98
In base 15, what is d8 + 188a?
1973
In base 7, what is -13 + -11352?
-11365
In base 6, what is 114444 + -5?
114435
In base 12, what is 5 + 8483?
8488
In base 7, what is -5053 + -4?
-5060
In base 14, what is -39 - 6c?
-a7
In base 14, what is -4 - 25158?
-2515c
In base 11, what is 893a + 10?
894a
In base 4, what is -11 - -212112310?
212112233
In base 15, what is -2438b - -25?
-24366
In base 13, what is 8 + -37b7?
-37ac
In base 4, what is -3101131013 + -3?
-3101131022
In base 11, what is -173765 + -4?
-173769
In base 15, what is 2237d - 5?
22378
In base 10, what is -442 - 0?
-442
In base